 composite number?
True
Is 3819331 composite?
False
Is 4487753 prime?
False
Is 3866141 composite?
False
Is 11278979 prime?
True
Is 295154263 a prime number?
True
Is 323740873 a composite number?
False
Is 37562402 a prime number?
False
Is 124866905 composite?
True
Is 39192371 prime?
False
Is 376921 prime?
True
Is 8784397 composite?
False
Is 133153 composite?
False
Is 5646341 composite?
False
Is 15667441 composite?
False
Is 700303 a composite number?
False
Is 4728037 composite?
False
Is 2572949 composite?
False
Is 39029707 prime?
True
Is 114143 composite?
False
Is 4383598 prime?
False
Is 19777 composite?
False
Is 6432109 a composite number?
False
Is 3646193 a composite number?
True
Is 3368627 a prime number?
False
Is 251749759 a prime number?
True
Is 3049883 composite?
False
Is 52992815 a composite number?
True
Is 4650509 prime?
False
Is 44343881 a composite number?
True
Is 9691601 a prime number?
False
Is 129358843 a prime number?
False
Is 9337843 a composite number?
False
Is 391843 composite?
True
Is 1457185 prime?
False
Is 4563619 a prime number?
True
Is 128512607 a prime number?
True
Is 6819583 a composite number?
False
Is 25163669 composite?
False
Is 35353963 a prime number?
False
Is 9386393 a composite number?
False
Is 12613511 prime?
False
Is 29885833 prime?
True
Is 37492747 a prime number?
True
Is 525182311 prime?
False
Is 76148833 composite?
False
Is 3160203 prime?
False
Is 42441541 prime?
False
Is 64838989 a prime number?
False
Is 38935073 a prime number?
True
Is 1056929 a composite number?
False
Is 8836405 prime?
False
Is 2173183 prime?
True
Is 16098481 prime?
False
Is 36481229 composite?
False
Is 452174581 a prime number?
True
Is 6294223 prime?
False
Is 5423741 composite?
False
Is 1247693 a prime number?
True
Is 19674065 a prime number?
False
Is 20872381 composite?
False
Is 26574307 a prime number?
True
Is 46878239 prime?
False
Is 6236183 composite?
True
Is 226584011 a composite number?
False
Is 241706027 composite?
True
Is 2565613 a prime number?
False
Is 119376269 composite?
True
Is 337299089 a composite number?
False
Is 154381 a prime number?
False
Is 77997401 a prime number?
True
Is 5941159 a prime number?
False
Is 253124257 composite?
False
Is 73382531 a prime number?
False
Is 670869517 prime?
True
Is 2260301 a composite number?
False
Is 37763951 prime?
True
Is 2044111753 a composite number?
False
Is 2619847 composite?
False
Is 126059381 a composite number?
True
Is 8888989 composite?
False
Is 11820769 prime?
True
Is 765397 a composite number?
True
Is 525889651 a prime number?
False
Is 191563901 a prime number?
True
Is 69147613 a prime number?
True
Is 293206 a prime number?
False
Is 13521811 a composite number?
False
Is 54139837 prime?
True
Is 234424867 composite?
False
Is 1458341 a composite number?
True
Is 7955489 a prime number?
True
Is 75277901 a composite number?
False
Is 16906163 composite?
False
Is 1859971 prime?
True
Is 18645819 composite?
True
Is 686591 a prime number?
False
Is 1531147 prime?
True
Is 8523259 composite?
False
Is 40690453 a prime number?
False
Is 26349571 composite?
False
Is 2728354 composite?
True
Is 45942689 prime?
False
Is 45320527 prime?
False
Is 16301183 prime?
False
Is 20556937 composite?
True
Is 3320749 a prime number?
True
Is 4006113 composite?
True
Is 33807223 a composite number?
False
Is 80471 prime?
True
Is 9181 a composite number?
False
Is 19070351 a composite number?
True
Is 13926949 a composite number?
False
Is 377957 a composite number?
True
Is 5639581 composite?
False
Is 1601123 composite?
False
Is 41361587 a prime number?
False
Is 20958043 a prime number?
True
Is 6806893 prime?
True
Is 1134503 a prime number?
True
Is 38596121 composite?
False
Is 63745421 composite?
True
Is 189202493 composite?
False
Is 66677719 a composite number?
False
Is 2103029 a composite number?
False
Is 548084409 a prime number?
False
Is 527053 a composite number?
False
Is 27957623 prime?
True
Is 12514741 a composite number?
False
Is 6148001 a composite number?
True
Is 2590157 a prime number?
True
Is 16339451 composite?
False
Is 27344773 composite?
True
Is 229707133 a prime number?
False
Is 47642359 prime?
True
Is 161687173 a prime number?
True
Is 113285701 a composite number?
False
Is 840571 composite?
False
Is 33823793 prime?
False
Is 11907659 a prime number?
True
Is 2800769 a prime number?
True
Is 179083039 a prime number?
False
Is 62710885 composite?
True
Is 7627757 a prime number?
False
Is 1665493 prime?
True
Is 78628549 a composite number?
False
Is 23513927 a composite number?
True
Is 239557963 composite?
False
Is 75004639 a composite number?
False
Is 4554419 prime?
False
Is 3207607 composite?
True
Is 63807 prime?
False
Is 571069 prime?
True
Is 116298565 prime?
False
Is 287302283 prime?
True
Is 3972697 a prime number?
True
Is 2499991 composite?
True
Is 535504877 a composite number?
False
Is 93698717 a composite number?
True
Is 42632463 a prime number?
False
Is 102579203 a composite number?
True
Is 65134649 composite?
True
Is 447858689 a composite number?
False
Is 3277 a prime number?
False
Is 504963269 a prime number?
False
Is 127590313 a composite number?
False
Is 126001 prime?
True
Is 271715579 prime?
False
Is 65623447 composite?
False
Is 3596346965 a composite number?
True
Is 9488317 composite?
True
Is 14442811 prime?
True
Is 176905279 a prime number?
True
Is 16669307 prime?
True
Is 905581 a composite number?
False
Is 11907011 prime?
True
Is 28217599 composite?
False
Is 130064707 prime?
False
Is 874542817 prime?
True
Is 67578398 composite?
True
Is 5645749 prime?
False
Is 1817351 a composite number?
True
Is 3969871 a prime number?
True
Is 3298937 prime?
False
Is 5567389 composite?
False
Is 4446737 a composite number?
True
Is 98712503 a composite number?
False
Is 1125479387 prime?
True
Is 2750521 a prime number?
False
Is 38202413 a composite number?
False
Is 3668039 prime?
False
Is 79636621 prime?
True
Is 185867249 prime?
True
Is 107659 a prime number?
False
Is 20970589 a composite number?
False
Is 6836429 a composite number?
True
Is 3458066 a prime number?
False
Is 13819243 a composite number?
False
Is 24182503 a prime number?
False
Is 80309303 a prime number?
True
Is 392038061 prime?
False
Is 18059123 prime?
False
Is 274079699 composite?
False
Is 19997657 a composite number?
False
Is 70946203 prime?
False
Is 4278809 composite?
True
Is 25101863 a composite number?
False
Is 16080389 composite?
True
Is 905729 a composite number?
True
Is 185363963 composite?
False
Is 12174233 a prime number?
True
Is 7578407 prime?
True
Is 139870033 a composite number?
True
Is 60393029 prime?
True
Is 16848737 a composite number?
False
Is 148746103 prime?
False
Is 8776519 composite?
False
Is 5994337 a composite number?
False
Is 14343661 a prime number?
False
Is 63521 composite?
False
Is 34545713 prime?
True
Is 11593 prime?
True
Is 36750299 a composite number?
False
Is 11839351 composite?
False
Is 14558627 a composite number?
False
Is 1493057 prime?
True
Is 8489231 a prime number?
False
Is 4663541 prime?
True
Is 84583985 composite?
True
Is 490206943 a prime number?
True
Is 12110573 a prime number?
True
Is 8176217 a prime number?
False
Is 2492657 composite?
False
Is 1152133 composite?
True
Is 405436853 prime?
False
Is 24034163 a composite number?
False
Is 13626953 composite?
False
Is 40228593 a composite number?
True
Is 850589 a prime number?
False
Is 59069371 composite?
False
Is 100360249 composite?
True
Is 1385161 composite?
True
Is 20388283 a prime number?
True
Is 348647437 prime?
False
Is 24134827 prime?
True
Is 12943487 a prime number?
True
Is 1004808031 a prime number?
False
Is 415743 composite?
True
Is 52950949 a composite number?
False
Is 166865867 composite?
True
Is 2406919 a prime number?
True
Is 14023 a composite number?
True
Is 257453 a composite number?
True
Is 95134999 a composite number?
True
Is 36940481 composite?
False
Is 6658681 composite?
True
Is 1815053 a prime number?
True
Is 8472109 a prime number?
True
Is 135961401 a prime number?
False
Is 105707353 prime?
False
Is 26922593 a prime number?
False
Is 683401 composite?
False
Is 5931223 prime?
True
Is 4262677 a prime number?
True
Is 9915859 composite?
False
Is 165370409 a composite number?
False
Is 20650043 a composite number?
False
Is 7401749 prime?
False
Is